. Calculate the greatest common divisor of z and 108.
54
Let l(a) = -94*a - 559. Let f be l(-6). Let n be ((-10)/(-3))/(4/12). Calculate the highest common factor of n and f.
5
Let t = 162 + -66. Let l be (31 - 2)/(4/8). Suppose 2 = 5*y - l. What is the greatest common factor of y and t?
12
Suppose 3*v + 2*v = 4*v. Suppose 4*f - 7*w - 20 = -3*w, v = 3*f - 5*w - 11. Calculate the highest common divisor of f and 35.
7
Let s = 118 - -29. What is the highest common factor of 98 and s?
49
Suppose -651 = -5*b + 154. Suppose -3*t + 11*t - 72 = 0. Suppose 0 = -t*c + 252 - 45. What is the greatest common factor of c and b?
23
Let f be 38/(-57) + (128/(-6) - 2). Let n be (-4)/(f/3)*18. Calculate the greatest common divisor of n and 27.
9
Let y be 8/(-28) - ((-9010)/(-14))/5. Let m be 6/(-12) - y/2 - 4. What is the greatest common factor of 24 and m?
12
Suppose 3*t - 5*r - 91 - 27 = 0, 2*t - 4*r - 80 = 0. What is the highest common factor of t and 324?
36
Suppose 92 = 5*i - 13. Suppose 0 = -2*p - 4*c + 8, -p + 0*c = -c - 19. Calculate the greatest common divisor of i and p.
7
Let w(l) = 31*l**2 + 12*l + 12. Let q be w(-1). What is the highest common divisor of 403 and q?
31
Let a be (-4)/3*378/(-4). What is the greatest common factor of a and 154?
14
Let d be (1 - 3)*(-12)/(-8). Suppose 69 = -5*g + 3*v, 2*v + 8 - 34 = 2*g. Let a be (-8)/(d*(-10)/g). What is the greatest common divisor of a and 16?
4
Suppose 4*y = 250 - 674. Let d = y + 196. Calculate the highest common factor of d and 60.
30
Let t be (28/8 + -4)*-52. Suppose -k + t = 2*l + k, -4*k = -3*l + 53. Calculate the highest common factor of 45 and l.
15
Let c(v) = 12*v**2 + 1. Let j be c(1). Let p(b) = -b**2 - 12*b + 2. Let i be p(-15). Let f = i + 95. Calculate the highest common divisor of f and j.
13
Let q(u) = -36*u - 14*u + 3 - 14*u - 11*u. Let b be q(-1). Let z = -6 + 19. What is the greatest common factor of b and z?
13
Let w = -8 + 5. Let t be (-26)/(-6)*(w + 12). What is the greatest common factor of t and 52?
13
Suppose 98 = 4*x - 6. Suppose 0*f + x = 2*f. Let l be 8/(-14) + (-1646)/(-14). Calculate the highest common factor of l and f.
13
Let b(m) = 15*m + 103. Let a be b(-6). Calculate the greatest common divisor of a and 689.
13
Let z = 143 + -100. Suppose -11*a - z = -164. Suppose -3*d = 4*g - 293, 5*d + 4*g + 0*g = 491. What is the highest common factor of d and a?
11
Let t = 24 - 10. Let o be -6 + 116 - 8/(-12)*3. What is the highest common factor of t and o?
14
Let y = -47 - -159. Calculate the greatest common factor of y and 240.
16
Let m(t) = t**2 + 9*t + 19. Let o be m(-8). Let s = o + -9. Calculate the highest common divisor of 14 and s.
2
Let j be (21/6)/(37/222). What is the highest common divisor of 777 and j?
21
Let j(u) = 3*u**2 - 3*u - 3. Let v be j(-2). Let m = -6 + 20. Let x = 74 - m. What is the highest common factor of v and x?
15
Let p(l) = l**3 + 11*l**2 - 5*l - 23. Let t be p(-11). Suppose 5*b - 148 = -5*y + t, 5*y - 3*b = 220. What is the greatest common divisor of y and 123?
41
Let n(r) = 5*r + 1. Let x be n(-3). Let i be 3/2 - x/4. Suppose i*m = -f + 37, -f = f - 3*m - 9. Calculate the highest common divisor of f and 6.
6
Let h = 50 + -13. Suppose -h = 4*t - 233. Let p = t + -35. What is the greatest common divisor of 21 and p?
7
Let k = 27 - 17. Let r be 12 - 7/(28/8). Calculate the highest common factor of k and r.
10
Let q be 4 + -4 + (-24)/(-1). Let n(d) = -d**3 + 22*d**2 + 48*d + 3. Let j be n(24). Calculate the greatest common divisor of q and j.
3
Suppose 77 = y - 5*c, 4*y - 292 = -2*c + 6*c. Let s = 35 - -16. Let j = y - s. Calculate the highest common factor of j and 42.
21
Let r = 42 + -26. Suppose 3*f = 32 + 40. What is the greatest common factor of f and r?
8
Suppose -5*w = 5*y - 75, 5*w - 5*y = -3 + 48. Let b = 29 + -11. What is the highest common divisor of w and b?
6
Suppose -5*t = -4*p - 0*t + 68, 5*p - t - 106 = 0. Calculate the greatest common factor of p and 220.
22
Let t = -123 - -240. Suppose t = -4*k + 7*k. Calculate the highest common divisor of k and 13.
13
Let k(r) = -r - 9. Let g be k(-9). Suppose g*p + 16 = 4*p. Suppose -p*a + 12 = -0*a. What is the highest common factor of a and 21?
3
Let s = 183 + 195. Suppose -397 = -31*c + 905. What is the highest common divisor of s and c?
42
Let y(z) = 28*z - 12. Let j be ((-52)/16 + 4)*4. Let k be y(j). What is the highest common divisor of k and 24?
24
Let m = 334 + -300. Calculate the greatest common factor of 170 and m.
34
Let p = -52 - -55. Suppose m = d - 4*m - 34, -204 = -4*d + p*m. What is the highest common divisor of 6 and d?
6
Suppose 0 = 12*k + k - 273. Calculate the highest common factor of k and 21.
21
Let x be (-45)/(0 - 3/3). What is the greatest common divisor of 20 and x?
5
Suppose 7*r - 6*r + 2*v - 9 = 0, 0 = 5*v. What is the highest common factor of r and 2?
1
Let w(j) = j**2 + 28*j + 115. Let i be w(-24). Calculate the greatest common divisor of i and 76.
19
Let q be (-1096)/(-22) - (-22)/121. Suppose -k - 88 = -3*a, 2*a + 0*k = 5*k + q. Calculate the greatest common divisor of 30 and a.
30
Let g be 10*(0 - 1 - -2). Let u be -93 - 0 - (-7 + g). Let a = u - -141. Calculate the greatest common divisor of a and 5.
5
Suppose 2*q = -4*b, -2*b + 9 - 1 = -3*q. Let u be (b*-1)/((-6)/222). Calculate the highest common divisor of u and 74.
37
Let m(a) = -a - 1. Let c(o) = o + 2. Let w(y) = 3*c(y) + 2*m(y). Let l be w(2). Calculate the greatest common factor of l and 42.
6
Suppose 38 = 18*x - 16. Let f(y) = y**3 + 6*y**2 - 8*y + 2. Let u = 9 + -16. Let r be f(u). Calculate the greatest common factor of x and r.
3
Let g be (15/(-5))/((-12)/20). Suppose -67 + 7 = -g*m. Calculate the greatest common factor of 42 and m.
6
Let x = 10 - 4. Suppose 3*i + 3*j = x, -i + 4*j = -0*i + 8. Suppose 3*k + a - 59 = 0, 2*k + i*a - 58 = 4*a. What is the highest common factor of 3 and k?
3
Suppose 6*n - n - 13 = -q, 4*n = q + 23. Let f = q - -4. Let o be 13 - (5 + f/3). Calculate the greatest common factor of 3 and o.
3
Suppose -7 = -i + 5*d + 36, d = -5. Let o = i - 10. Suppose -4*t - 84 = -3*n - 0*t, 0 = 2*t + 6. What is the highest common factor of n and o?
8
Suppose 0*x + 2*x = 330. Let d = 353 - x. Let i = d + -128. Calculate the highest common factor of i and 40.
20
Suppose -d - 5 = 0, 23 = 5*a + 4*d - 82. Let j(h) = -h**3 + 7*h**2 + 9*h - 3. Let t be j(8). Calculate the highest common factor of a and t.
5
Suppose 45 = -3*q - 0*q. Let m = q + 18. Let r(h) = h**3 - 4*h + 4. Let i be r(m). Calculate the highest common divisor of i and 171.
19
Let c be (-1 - 5)/((-2)/51). Let h = c - 105. Let d be (5 - 2)/((-1533)/(-2920) - (-1)/(-2)). Calculate the highest common factor of d and h.
24
Let q be 184/6 + (-8)/12. Let a(p) = -p + 8. Suppose 0 = 6*s + 25 + 47. Let f be a(s). Calculate the greatest common divisor of q and f.
10
Suppose 0 = 3*z + 4*b - 59, -66 = 2*z - 4*z + 4*b. What is the highest common divisor of z and 1475?
25
Suppose 3*z - 4*h - 123 = 0, 0*z = z - 3*h - 46. Let d = 39 + z. Calculate the greatest common divisor of d and 4.
4
Let f(o) = 6*o - 36. Let t be f(8). Suppose 0 = 4*n - t. What is the highest common divisor of n and 3?
3
Suppose -8*t = -5*t - 72. Suppose -z + 3 - 1 = 0. Suppose 0 = 4*x + z*i - 40, 2*x - 4*i = i + 44. Calculate the highest common factor of x and t.
12
Let i(g) = -11*g - 44. Let q(b) = -1. Let t(u) = -i(u) + 22*q(u). Let o be t(15). What is the greatest common divisor of 17 and o?
17
Let v(u) = -4*u - 2. Let b be v(-3). Suppose 169 = 23*a - 1901. What is the highest common divisor of b and a?
10
Let k(u) = -u**2 - 6*u - 4. Let c be k(-5). Let t(f) = 2*f + 33. Let x be t(-11). Suppose 6*b - x*b + 20 = 0. What is the highest common factor of c and b?
1
Let w be -3 - (6 - (55 - -8)). What is the highest common factor of w and 504?
18
Let p = -13 + 17. Suppose 50 - 18 = p*y. What is the greatest common factor of 72 and y?
8
Let r be (-3 - -4)*4 + 40. Let g = r + -31. Suppose 4*b + v - 260 = 0, 35 + 290 = 5*b + 5*v. What is the greatest common divisor of g and b?
13
Suppose 0 = 4*g + 6*m - m - 743, -5*m - 566 = -3*g. Calculate the greatest common divisor of 33 and g.
11
Suppose 22 = -j + 1. Let c = -23 - j. Let o be (c/1)/((-2)/3). What is the highest common fact